vide 84040?
True
Is 14777345 a multiple of 395?
True
Is 2656098 a multiple of 909?
True
Is 23 a factor of 435482?
True
Does 19 divide 991135?
True
Does 19 divide 3071046?
True
Is 3438126 a multiple of 114?
True
Is 30 a factor of 166500?
True
Is 1700120 a multiple of 152?
True
Does 9 divide 17127?
True
Does 4 divide 3646008?
True
Is 1239234 a multiple of 71?
True
Does 5 divide 888720?
True
Is 94 a factor of 418770?
True
Is 86 a factor of 495188?
True
Is 8839719 a multiple of 438?
False
Is 4244 a multiple of 20?
False
Is 65 a factor of 4241799?
False
Is 6448903 a multiple of 35?
False
Is 343 a factor of 2473030?
True
Is 727305 a multiple of 11?
False
Is 39 a factor of 135036?
False
Does 41 divide 197907?
True
Does 50 divide 168650?
True
Is 25560 even?
True
Is 1209434 a multiple of 89?
False
Does 15 divide 30862?
False
Is 547056 a multiple of 29?
True
Is 656270 a multiple of 310?
True
Does 34 divide 749326?
True
Does 65 divide 2031250?
True
Is 33916 a multiple of 31?
False
Does 247 divide 533273?
True
Does 14 divide 568604?
False
Is 9 a factor of 910179?
True
Does 3 divide 36147?
True
Does 25 divide 475659?
False
Is 17 a factor of 77215?
False
Is 147 a factor of 10565121?
False
Is 11568726 a multiple of 17?
False
Is 399228 a multiple of 76?
True
Is 1209 a factor of 746793?
False
Is 6 a factor of 22753?
False
Is 31 a factor of 10938?
False
Does 12 divide 4342924?
False
Is 2 a factor of 45180?
True
Is 2482447 a multiple of 139?
False
Is 102 a factor of 310284?
True
Does 26 divide 61490?
True
Does 603 divide 506224?
False
Does 30 divide 2533506?
False
Does 124 divide 13474?
False
Is 110 a factor of 5360630?
True
Is 17 a factor of 20774?
True
Is 41330 a multiple of 52?
False
Is 175587 a multiple of 26?
False
Does 663 divide 703372?
False
Does 12 divide 8127?
False
Is 89 a factor of 140976?
True
Does 22 divide 1816694?
True
Is 1119727 a multiple of 21?
False
Is 17 a factor of 232266?
False
Is 63 a factor of 124516?
False
Is 53865 a multiple of 9?
True
Does 10 divide 5176891?
False
Is 656375 a multiple of 445?
True
Is 154770 a multiple of 70?
True
Does 185 divide 124987?
False
Does 315 divide 579915?
True
Does 32 divide 179005?
False
Is 3955219 a multiple of 137?
False
Is 63 a factor of 66402?
True
Does 36 divide 114181?
False
Does 573 divide 5214300?
True
Is 556768 a multiple of 274?
True
Is 175150 a multiple of 3?
False
Is 18316 even?
True
Is 3965520 a multiple of 8?
True
Is 189504 a multiple of 168?
True
Is 194435 a multiple of 351?
False
Does 6 divide 1631256?
True
Is 420210 a multiple of 70?
True
Is 34 a factor of 927010?
True
Is 3598623 a multiple of 165?
False
Is 75582 a multiple of 51?
True
Is 106536 a multiple of 552?
True
Is 426762 a multiple of 315?
False
Does 17 divide 9656?
True
Is 6014171 a multiple of 138?
False
Is 17 a factor of 183838?
True
Is 155 a factor of 2015220?
False
Is 2939200 a multiple of 50?
True
Is 17 a factor of 4403289?
True
Is 186228 a multiple of 18?
True
Is 1229403 a multiple of 4?
False
Is 5 a factor of 3710?
True
Is 1004776 a multiple of 146?
False
Is 8 a factor of 327677?
False
Does 15 divide 766433?
False
Does 1734 divide 2875691?
False
Does 891 divide 1442074?
False
Does 8 divide 139640?
True
Is 655 a factor of 1213806?
False
Does 21 divide 4360190?
False
Is 40 a factor of 62216?
False
Does 8 divide 1549633?
False
Is 37 a factor of 1535?
False
Is 30 a factor of 127245?
False
Does 908 divide 10343716?
False
Is 51463 a multiple of 53?
True
Does 202 divide 13736?
True
Is 19 a factor of 14530744?
True
Does 373 divide 199625?
False
Does 124 divide 3605965?
False
Is 58 a factor of 9927280?
True
Does 781 divide 13544883?
True
Does 121 divide 898909?
True
Is 25 a factor of 1723650?
True
Does 124 divide 1656020?
True
Is 83 a factor of 5651?
False
Is 241310 a multiple of 5?
True
Does 138 divide 54042?
False
Does 2 divide 1503092?
True
Is 239824 a multiple of 52?
True
Is 647 a factor of 982146?
True
Is 26 a factor of 2197728?
True
Does 7 divide 692706?
True
Does 4 divide 1518416?
True
Does 93 divide 16651061?
False
Is 23 a factor of 524538?
True
Does 13 divide 165321?
True
Is 11569 a multiple of 11?
False
Does 4 divide 114404?
True
Is 9 a factor of 965784?
False
Is 24 a factor of 6194416?
False
Does 20 divide 347360?
True
Is 3057 a multiple of 2?
False
Is 5041519 a multiple of 2196?
False
Is 1714148 a multiple of 20?
False
Is 255664 a multiple of 152?
True
Is 7858777 a multiple of 39?
False
Is 2688728 a multiple of 361?
True
Is 16434 a multiple of 2?
True
Does 147 divide 29663?
False
Is 25 a factor of 7143?
False
Is 238048 a multiple of 32?
True
Is 63 a factor of 7273350?
True
Does 24 divide 3134760?
True
Is 20 a factor of 324871?
False
Does 631 divide 11952596?
False
Is 66444 a multiple of 147?
True
Does 39 divide 24562512?
True
Does 20 divide 315105?
False
Is 14564032 a multiple of 551?
True
Does 36 divide 182268?
True
Is 104 a factor of 197765?
False
Does 18 divide 2642272?
False
Is 243 a factor of 128061?
True
Does 50 divide 396750?
True
Is 10 a factor of 157450?
True
Is 12 a factor of 118416?
True
Is 971 a factor of 2570237?
True
Is 501 a factor of 12195980?
False
Is 5061447 a multiple of 393?
True
Does 231 divide 44261?
False
Is 67 a factor of 7684716?
False
Does 6 divide 2376?
True
Is 33 a factor of 228195?
True
Does 33 divide 3924596?
False
Does 47 divide 1119732?
False
Is 448902 a multiple of 81?
True
Does 48 divide 38592?
True
Does 7 divide 294727?
False
Does 174 divide 446310?
True
Is 5541597 a multiple of 171?
True
Is 12 a factor of 393501?
False
Is 445 a factor of 4581059?
False
Is 116 a factor of 966289?
False
Is 146 a factor of 1669948?
True
Does 307 divide 2977593?
True
Is 250020 a multiple of 463?
True
Is 27046 a multiple of 250?
False
Is 203 a factor of 1038345?
True
Does 8 divide 487946?
False
Is 288 a factor of 13514965?
False
Is 105422 a multiple of 21?
False
Does 29 divide 2225706?
False
Is 1326455 a multiple of 5?
True
Is 10 a factor of 1447410?
True
Is 53 a factor of 2812687?
False
Does 113 divide 294089?
False
Does 700 divide 1629310?
False
Is 125827 a multiple of 437?
False
Does 113 divide 328717?
True
Is 47 a factor of 571238?
True
Is 345 a factor of 1325490?
True
Does 9 divide 1638738?
True
Is 1215242 a multiple of 32?
False
Is 3392172 a multiple of 84?
True
Is 554559 a multiple of 93?
True
Does 31 divide 1258865?
False
Is 82 a factor of 229354?
True
Is 36 a factor of 1680513?
False
Does 219 divide 108186?
True
Does 88 divide 5230487?
False
Does 178 divide 1097548?
True
Is 450076 a multiple of 53?
True
Is 5511506 a multiple of 13?
True
Is 20 a factor of 94820?
True
Is 73 a factor of 75774?
True
Is 5714151 a multiple of 7?
False
Is 346878 a multiple of 18?
True
Is 81 a factor of 425898?
True
Is 1475 a factor of 22627975?
True
Is 2204280 a multiple of 351?
True
Is 55 a factor of 140313?
False
Does 40 divide 105560?
True
Is 20 a factor of 412326?
False
Is 58205 a multiple of 4?
False
Is 550 a factor of 8650400?
True
Is 102 a factor of 509984?
False
Is 4850440 a multiple of 170?
True
Is 63114 a multiple of 3?
True
Does 30 divide 180120?
True
Does 6 divide 964348?
False
Does 705 divide 4371705?
True
Does 31 divide 747644?
False
Does 271 divide 4526859?
False
Does 12 divide 7752?
True
Is 127 a factor of 371983?
True
Does 249 divide 6402537?
True
Is 411 a factor of 5575966?
False
Is 1272603 a multiple of 8?
False
Is 566559 a multiple of 529?
True
Is 12 a factor of 951848?
False
Does 21 divide 31035?
False
Does 21 divide 5651625?
True
Does 91 divide 282068?
False
Is 1662693 a multiple of 8?
False
Is 34 a factor of 74052?
True
Is 42 a factor of 1415363?
False
Is 2 a factor of 1626?
True
Is 122 a factor of 766038?
True
Is 2 a factor of 4242?
True
Is 13147 a multiple of 14?
False
Does 5 divide 1596?
False
Is 1264427 a multiple of 349?
True
Is 10007305 a multiple of 935?
True
Is 18 a factor of 3204918?
True
Is 13 a factor of 3306784?
True
Is 494325 a multiple of 74?
False
Is 105445 a multiple of 14?
False
Does 52 divide 2185688?
False
Is 23230 a multiple of 229?
False
Does 123 divide 368016?
True
Does 17 divide 6205?
True
Is 7040772 a multiple of 12?
True
Is 99 a factor of 10344609?
True
Is 156399 a multiple of 19?
False
Is 47343 a multiple of 129?
True
Is 2119699 a multiple of 3?
False
Is 6747139 a mult